= y**3 + 9*y**2 + 4*y + 4. Let r be k(-7). Let n = r + -37. What are the prime factors of n?
37
Suppose -14 = -3*b + 85. Suppose 2*l = -l + b. What are the prime factors of l?
11
Let r(x) = x - 92. Let u be r(0). Let g = -66 - u. List the prime factors of g.
2, 13
Let n be 1/((3/(-131))/(-3)). Let a = -24 + n. What are the prime factors of a?
107
Let y be (-5)/7*(-3 - 4). What are the prime factors of 1 + (y/(-2))/(1/(-36))?
7, 13
Let k(n) = -12*n - 13. Suppose 0*f = f + 6. List the prime factors of k(f).
59
Let f = 1811 + -920. What are the prime factors of f?
3, 11
Suppose 6*g + 3*w - 14 = 4*g, -3*w + 2 = -g. Suppose 0 = -3*b + 13*b - 580. Suppose 250 = g*k + b. List the prime factors of k.
2, 3
Suppose -3*d - 20 = -2. Let w be 3/6*(4 + d). What are the prime factors of 35 - (1/(-1) - w)?
5, 7
Let q(z) = z**3 - z**2 - z + 206. Let v(l) = 5*l - 50. Let c be v(10). List the prime factors of q(c).
2, 103
Let w = -10 + 4. What are the prime factors of (-166)/w + (-38)/57?
3
Suppose -46*y = -45*y - 1072. List the prime factors of y.
2, 67
Let g(p) = -224*p - 6. List the prime factors of g(-2).
2, 13, 17
Let a(i) = -i**3 + 3*i**2 + 6*i + 11. What are the prime factors of a(4)?
19
Suppose 2649 = 5*j + 1089. List the prime factors of j.
2, 3, 13
Let v(l) = 32*l + 17. Let g(p) = 16*p + 8. Let q(f) = 7*g(f) - 3*v(f). What are the prime factors of q(4)?
3, 23
Let i(c) = c**2 + 8*c - 5. Let g be i(-10). Let v = 23 + g. Let p = -15 + v. What are the prime factors of p?
23
What are the prime factors of 9/5 - 153782/(-85)?
1811
Suppose 3*o = -4*d + 19, 0*o = -d + 3*o + 16. Suppose -4*f - 4*b = -d*f - 65, 5*f + 93 = -b. Let w = f - -45. List the prime factors of w.
2, 13
Suppose -5*w - 1636 = -6*w. List the prime factors of w.
2, 409
Let i = 1490 + 405. List the prime factors of i.
5, 379
Let r(z) = 2*z**3 + 2*z. Suppose 9*g - 4*g + 32 = 4*l, 16 = -4*g. List the prime factors of r(l).
2, 3, 5
Let g = -271 + 171. Let q(h) = -h**3 - 25*h**2 - 16*h + 49. Let b be q(-24). Let n = g - b. What are the prime factors of n?
43
Suppose 10 = 5*s, -5*b - 3*s - 378 = -5834. List the prime factors of b.
2, 5, 109
Suppose l = 4*l - 24. Suppose 195 - 19 = l*w. What are the prime factors of w?
2, 11
What are the prime factors of ((-210)/(-75))/((-3)/(-1230))?
2, 7, 41
Let k = -61 + 4. List the prime factors of 62/6 + 19/k.
2, 5
Suppose -6*v = -3*v - 4*i + 77, -2*i = -2*v - 48. Suppose -2*a - 4*h - 2 = 0, 2*h = a - 2*h - 5. List the prime factors of 3*(a - 2) - v.
2
Suppose 3*z - 4158 = -3*w, w = 2*z - 4*z + 2768. List the prime factors of z.
2, 691
Suppose 5*u - 2*a + 98 = 0, 4*a + 64 = -u - 2*u. List the prime factors of ((-264)/u)/(1/5).
2, 3, 11
Let i(u) = -u**3 - 8*u**2 - 3*u - 6. Let l be i(-6). List the prime factors of (-638)/(-14) + l/105.
3, 5
Let g = -429 + 2151. List the prime factors of g.
2, 3, 7, 41
Let l(d) = -d**3 - 7*d**2 - 5*d - 18. Let q be l(-7). Suppose q*g - 16*g - 51 = 0. List the prime factors of g.
3, 17
Let a(f) = 10*f**3 - 4*f**2 + 8*f - 6. List the prime factors of a(4).
2, 7, 43
Let a = 5 - -4. List the prime factors of 1371/27 - (-2)/a.
3, 17
Let j(c) = 9*c - 190. Let g be j(19). Let y(s) = -s**3 - 3*s**2 + 3*s + 1. Let p be y(-5). Let r = p + g. What are the prime factors of r?
17
Suppose 7*c - 4*c = -9*c. Suppose -4*r + 460 = -c*r. List the prime factors of r.
5, 23
Suppose 4*d + 10*r - 7662 = 0, 14*d - 10*d = -5*r + 7687. List the prime factors of d.
2, 241
Let x be 2/(-8) + 2/8. Let v(l) = 17 + 2*l - l + x*l. What are the prime factors of v(15)?
2
Suppose u - 2*x - 6 = 0, -2*u + 15 = -u - 5*x. Suppose 13*f - 18*f + 250 = u. List the prime factors of f.
2, 5
List the prime factors of 37 - 46 - (-1995)/1.
2, 3, 331
Let q = 13 - 8. Suppose -q*k + 24 = k. Suppose 0 = c - 5*w - 31, k*c - w = -2*w + 166. What are the prime factors of c?
41
Let u be (3*1)/((-791)/(-133) - 6). List the prime factors of 13/4 - (u/12 + 5).
3
Let t = 5 - 2. Suppose -6*o + t*o = -36. What are the prime factors of o?
2, 3
Let j be 4 + (-6)/(-15)*5. Suppose 0 = 4*d - 2 - j. Suppose u = -4*i + 293, -119 = -d*i + 5*u - 0*u. What are the prime factors of i?
2, 3
Let l = 2264 - 408. List the prime factors of l.
2, 29
Suppose 6*k = 5*k. Suppose -4 = -0*q - 2*q. Suppose k = -5*f + 77 - q. List the prime factors of f.
3, 5
Let s(w) = w**3 - 23*w**2 + 27*w + 45. List the prime factors of s(24).
3, 47
Suppose -o = -2*t - 4, 0 = -0*o + 4*o + 2*t + 24. Let w(b) = 10*b**2 + 4*b + 4. List the prime factors of w(o).
2, 37
Suppose 0 = -362*t + 369*t - 17213. List the prime factors of t.
2459
Let q = -417 + 487. List the prime factors of q.
2, 5, 7
Let l(x) = -674*x + 27. What are the prime factors of l(-3)?
3, 683
Suppose 0 = t - 4 + 1. Let a(x) = 5*x**t - 5 + x - 3*x**2 + 0*x**2 - 4*x**3. List the prime factors of a(4).
3, 5
Let a(z) = 5*z**2 - 3*z + 5. Let k be a(3). What are the prime factors of ((-11)/22)/((-1)/2)*k?
41
What are the prime factors of 1 - (1 + -1 + -3 - 376)?
2, 5, 19
Let w be (-2)/(-4)*(-5 - -5). Suppose 4*o + 3*v - 204 = 0, 0*v + 2*v = w. What are the prime factors of o?
3, 17
List the prime factors of 1027 - (8 + -1) - -6.
2, 3, 19
Suppose -9*a + 5541 = -1101. What are the prime factors of a?
2, 3, 41
Let z(g) = g**2 - 5*g + 183. What are the prime factors of z(0)?
3, 61
Let m(k) = 7*k**3 - 2*k**2 - 2*k - 1. Let s be m(-1). Let o be s/(-12)*3/(-2). What are the prime factors of o*1/(-3)*177?
59
Suppose 0 = 2*o - 7*o. Let p(b) be the first derivative of -b**4/4 - b**3/3 - b**2 + 47*b + 18. What are the prime factors of p(o)?
47
Let l(z) = z**2 - 8*z - 15. Let d be l(10). Let h(x) = 4*x - 5. Let b be h(d). What are the prime factors of (17 - 3)*b/10?
3, 7
Suppose -5*h + 12*h = -49. List the prime factors of (2/3)/(h/(-798)).
2, 19
Suppose 2*h - h = 16. Suppose 3*u = -u + h. What are the prime factors of 4 + 2/2*u?
2
Suppose l + 137 = 5*c, l - 41 = -2*c + 6*l. Let j = c + -26. What are the prime factors of j?
2
Let y be (-22)/(-8) - 27/36. Suppose 0 = 3*g + y*z - 74, 5*g - 142 = -4*z - 20. List the prime factors of g.
2, 13
Let v = 138 - -1066. What are the prime factors of v?
2, 7, 43
Let p(d) = -d**3 - 9*d**2 + 8*d - 2. Let c be p(-10). Let s be (-42)/4*(-48)/c. Suppose 8 = x - s. What are the prime factors of x?
2, 3
Let m(x) = -x**3 - 5*x**2 + x + 5. Let t be m(-6). Let r = -757 + 766. Suppose -4*z - t = -r*z. What are the prime factors of z?
7
Let v(d) be the first derivative of 2*d**2 + 11*d + 2. Let c be v(5). Suppose -4*g + c + 45 = 0. List the prime factors of g.
19
Let s be 4 - (-2 - (2 - 6)). Suppose -2*x + 4*m + 84 = 0, 2*x = m + s*m + 88. What are the prime factors of x?
2, 5
Let j(l) = 5*l - 70. Let m be j(14). Let i(q) = -2*q. Let v be i(-3). Suppose -5*u + 3*u + v = m. What are the prime factors of u?
3
Let d(f) = -710*f + 614. What are the prime factors of d(-7)?
2, 349
Suppose -6 = 2*t - 5*t. Let i be ((-5)/(-2) - t)*0. Suppose i = -2*g - 2*j + 34, -j - j - 71 = -5*g. List the prime factors of g.
3, 5
Suppose 3*x + 0*l + 5*l - 140 = 0, 85 = 2*x - 5*l. List the prime factors of x.
3, 5
Let y(t) = -3*t - 29. Let g = 35 + -57. What are the prime factors of y(g)?
37
Let g = 6154 - 2961. What are the prime factors of g?
31, 103
Suppose 5*r - 20 = -5. Let n(a) = r*a - 2*a - 2 + a**2 + 5. List the prime factors of n(-5).
23
Let v = -15 - -19. Let g(h) = -h**3 + 7*h**2 - 4*h - 5. What are the prime factors of g(v)?
3
Let l(h) = 8*h**2 + h + 1. Let o be l(-2). Let y = o - -6. What are the prime factors of y?
37
Let u(l) = -l**3 + 11*l**2 - 11*l + 1. Let f be u(9). Suppose -f = 5*s - 699. List the prime factors of s.
127
Let p be -2 + 0 + 1 + 55. Let v = p - -37. What are the prime factors of v?
7, 13
Let m = -1 + 4. Suppose m*z - 131 = 4*z. Let q = 185 + z. What are the prime factors of q?
2, 3
Let h(f) = -f**3 - 5*f**2 - 4*f + 2. Let z be h(-4). Let r(j) = -3*j**3 - 2*j**z + 14*j + 4*j**3 - 9*j**2. List the prime factors of r(10).
2, 5
Suppose h - 2*h = -3. Suppose 2 = -h*i + 5. List the prime factors of i/(-2) + (-90)/(-4).
2, 11
Let a(h) = 128*h**2 + 2*h - 50. What are the prime factors of a(-5)?
2, 5, 157
Let h(q) = -q**3 + 22*q**2 + 18*q - 22. What are the prime factors of h(-9)?
13, 179
Let i be (-2 + 0)/(4/(-6)). Let a(q) = -9 + 61 - q**i - q - 3